{"id":25,"date":"2018-03-11T08:00:22","date_gmt":"2018-03-11T08:00:22","guid":{"rendered":"http:\/\/serwer1830264.home.pl\/autoinstalator\/wordpress\/?page_id=25"},"modified":"2021-12-16T07:14:59","modified_gmt":"2021-12-16T07:14:59","slug":"oferta","status":"publish","type":"page","link":"http:\/\/tombed.pl\/?page_id=25","title":{"rendered":"OFERTA"},"content":{"rendered":"\t\t<div data-elementor-type=\"wp-page\" data-elementor-id=\"25\" class=\"elementor elementor-25\" data-elementor-settings=\"[]\">\n\t\t\t<div class=\"elementor-inner\">\n\t\t\t\t<div class=\"elementor-section-wrap\">\n\t\t\t\t\t\t\t<section class=\"elementor-element elementor-element-4526c46c elementor-section-content-middle elementor-section-boxed elementor-section-height-default elementor-section-height-default elementor-section elementor-top-section\" data-id=\"4526c46c\" data-element_type=\"section\">\n\t\t\t\t\t\t<div class=\"elementor-container elementor-column-gap-no\">\n\t\t\t\t<div class=\"elementor-row\">\n\t\t\t\t<div class=\"elementor-element elementor-element-45fb29e6 elementor-column elementor-col-100 elementor-top-column\" data-id=\"45fb29e6\" data-element_type=\"column\">\n\t\t\t<div class=\"elementor-column-wrap  elementor-element-populated\">\n\t\t\t\t\t<div class=\"elementor-widget-wrap\">\n\t\t\t\t<div class=\"elementor-element elementor-element-5ad55c7e elementor-widget elementor-widget-heading\" data-id=\"5ad55c7e\" data-element_type=\"widget\" data-widget_type=\"heading.default\">\n\t\t\t\t<div class=\"elementor-widget-container\">\n\t\t\t<h4 class=\"elementor-heading-title elementor-size-default\">W  sk\u0142ad naszej oferty wchodz\u0105:<\/h4>\t\t<\/div>\n\t\t\t\t<\/div>\n\t\t\t\t<section class=\"elementor-element elementor-element-2fce6ed elementor-section-content-middle elementor-section-boxed elementor-section-height-default elementor-section-height-default elementor-section elementor-inner-section\" data-id=\"2fce6ed\" data-element_type=\"section\">\n\t\t\t\t\t\t<div class=\"elementor-container elementor-column-gap-no\">\n\t\t\t\t<div class=\"elementor-row\">\n\t\t\t\t<div class=\"elementor-element elementor-element-7cd36c0e elementor-column elementor-col-33 elementor-inner-column\" data-id=\"7cd36c0e\" data-element_type=\"column\">\n\t\t\t<div class=\"elementor-column-wrap  elementor-element-populated\">\n\t\t\t\t\t<div class=\"elementor-widget-wrap\">\n\t\t\t\t<div class=\"elementor-element elementor-element-49a169bd elementor-widget elementor-widget-image\" data-id=\"49a169bd\" data-element_type=\"widget\" data-widget_type=\"image.default\">\n\t\t\t\t<div class=\"elementor-widget-container\">\n\t\t\t\t\t<div class=\"elementor-image\">\n\t\t\t\t\t\t\t\t\t\t<img loading=\"lazy\" decoding=\"async\" width=\"1024\" height=\"768\" src=\"http:\/\/tombed.pl\/wp-content\/uploads\/2019\/07\/0347107a-5a65-40f6-bcfc-6abcab7a37a3-1024x768.jpg\" class=\"attachment-large size-large\" alt=\"\" srcset=\"http:\/\/tombed.pl\/wp-content\/uploads\/2019\/07\/0347107a-5a65-40f6-bcfc-6abcab7a37a3-1024x768.jpg 1024w, http:\/\/tombed.pl\/wp-content\/uploads\/2019\/07\/0347107a-5a65-40f6-bcfc-6abcab7a37a3-300x225.jpg 300w, http:\/\/tombed.pl\/wp-content\/uploads\/2019\/07\/0347107a-5a65-40f6-bcfc-6abcab7a37a3-768x576.jpg 768w, http:\/\/tombed.pl\/wp-content\/uploads\/2019\/07\/0347107a-5a65-40f6-bcfc-6abcab7a37a3-960x720.jpg 960w, http:\/\/tombed.pl\/wp-content\/uploads\/2019\/07\/0347107a-5a65-40f6-bcfc-6abcab7a37a3-480x360.jpg 480w, http:\/\/tombed.pl\/wp-content\/uploads\/2019\/07\/0347107a-5a65-40f6-bcfc-6abcab7a37a3-320x240.jpg 320w, http:\/\/tombed.pl\/wp-content\/uploads\/2019\/07\/0347107a-5a65-40f6-bcfc-6abcab7a37a3-240x180.jpg 240w, http:\/\/tombed.pl\/wp-content\/uploads\/2019\/07\/0347107a-5a65-40f6-bcfc-6abcab7a37a3.jpg 1600w\" sizes=\"auto, (max-width: 1024px) 100vw, 1024px\" \/>\t\t\t\t\t\t\t\t\t\t\t<\/div>\n\t\t\t\t<\/div>\n\t\t\t\t<\/div>\n\t\t\t\t\t\t<\/div>\n\t\t\t<\/div>\n\t\t<\/div>\n\t\t\t\t<div class=\"elementor-element elementor-element-657c6187 elementor-column elementor-col-33 elementor-inner-column\" data-id=\"657c6187\" data-element_type=\"column\">\n\t\t\t<div class=\"elementor-column-wrap  elementor-element-populated\">\n\t\t\t\t\t<div class=\"elementor-widget-wrap\">\n\t\t\t\t<div class=\"elementor-element elementor-element-53518a03 elementor-widget elementor-widget-heading\" data-id=\"53518a03\" data-element_type=\"widget\" data-widget_type=\"heading.default\">\n\t\t\t\t<div class=\"elementor-widget-container\">\n\t\t\t<h2 class=\"elementor-heading-title elementor-size-default\">Domy z bali<\/h2>\t\t<\/div>\n\t\t\t\t<\/div>\n\t\t\t\t<div class=\"elementor-element elementor-element-2d404aca elementor-widget elementor-widget-text-editor\" data-id=\"2d404aca\" data-element_type=\"widget\" data-widget_type=\"text-editor.default\">\n\t\t\t\t<div class=\"elementor-widget-container\">\n\t\t\t\t\t<div class=\"elementor-text-editor elementor-clearfix\"><ul><li>Bale toczone<\/li><li>Kolumny toczone<\/li><li>Realizacja nietypowych zam\u00f3wie\u0144,<\/li><li>Wykonywanie zam\u00f3wie\u0144 \u201eszytych na miar\u0119\u201d pod klienta.<\/li><li>Deski pryzmowane,<\/li><li>Deski szalunkowe,<\/li><\/ul><\/div>\n\t\t\t\t<\/div>\n\t\t\t\t<\/div>\n\t\t\t\t\t\t<\/div>\n\t\t\t<\/div>\n\t\t<\/div>\n\t\t\t\t<div class=\"elementor-element elementor-element-51fb89d3 elementor-column elementor-col-33 elementor-inner-column\" data-id=\"51fb89d3\" data-element_type=\"column\">\n\t\t\t<div class=\"elementor-column-wrap  elementor-element-populated\">\n\t\t\t\t\t<div class=\"elementor-widget-wrap\">\n\t\t\t\t<div class=\"elementor-element elementor-element-38aa214 elementor-widget elementor-widget-image\" data-id=\"38aa214\" data-element_type=\"widget\" data-widget_type=\"image.default\">\n\t\t\t\t<div class=\"elementor-widget-container\">\n\t\t\t\t\t<div class=\"elementor-image\">\n\t\t\t\t\t\t\t\t\t\t<img loading=\"lazy\" decoding=\"async\" width=\"1024\" height=\"768\" src=\"http:\/\/tombed.pl\/wp-content\/uploads\/2018\/03\/IMG-20131008-00342-1-1024x768.jpg\" class=\"attachment-large size-large\" alt=\"\" srcset=\"http:\/\/tombed.pl\/wp-content\/uploads\/2018\/03\/IMG-20131008-00342-1-1024x768.jpg 1024w, http:\/\/tombed.pl\/wp-content\/uploads\/2018\/03\/IMG-20131008-00342-1-300x225.jpg 300w, http:\/\/tombed.pl\/wp-content\/uploads\/2018\/03\/IMG-20131008-00342-1-768x576.jpg 768w, http:\/\/tombed.pl\/wp-content\/uploads\/2018\/03\/IMG-20131008-00342-1-960x720.jpg 960w, http:\/\/tombed.pl\/wp-content\/uploads\/2018\/03\/IMG-20131008-00342-1-480x360.jpg 480w, http:\/\/tombed.pl\/wp-content\/uploads\/2018\/03\/IMG-20131008-00342-1-320x240.jpg 320w, http:\/\/tombed.pl\/wp-content\/uploads\/2018\/03\/IMG-20131008-00342-1-240x180.jpg 240w, http:\/\/tombed.pl\/wp-content\/uploads\/2018\/03\/IMG-20131008-00342-1.jpg 1600w\" sizes=\"auto, (max-width: 1024px) 100vw, 1024px\" \/>\t\t\t\t\t\t\t\t\t\t\t<\/div>\n\t\t\t\t<\/div>\n\t\t\t\t<\/div>\n\t\t\t\t\t\t<\/div>\n\t\t\t<\/div>\n\t\t<\/div>\n\t\t\t\t\t\t<\/div>\n\t\t\t<\/div>\n\t\t<\/section>\n\t\t\t\t<section class=\"elementor-element elementor-element-4273e9d elementor-section-content-middle elementor-section-boxed elementor-section-height-default elementor-section-height-default elementor-section elementor-inner-section\" data-id=\"4273e9d\" data-element_type=\"section\">\n\t\t\t\t\t\t<div class=\"elementor-container elementor-column-gap-no\">\n\t\t\t\t<div class=\"elementor-row\">\n\t\t\t\t<div class=\"elementor-element elementor-element-d11c4dc elementor-column elementor-col-33 elementor-inner-column\" data-id=\"d11c4dc\" data-element_type=\"column\">\n\t\t\t<div class=\"elementor-column-wrap  elementor-element-populated\">\n\t\t\t\t\t<div class=\"elementor-widget-wrap\">\n\t\t\t\t<div class=\"elementor-element elementor-element-f5dce4c elementor-widget elementor-widget-heading\" data-id=\"f5dce4c\" data-element_type=\"widget\" data-widget_type=\"heading.default\">\n\t\t\t\t<div class=\"elementor-widget-container\">\n\t\t\t<h2 class=\"elementor-heading-title elementor-size-default\">Najlepsza jako\u015b\u0107<\/h2>\t\t<\/div>\n\t\t\t\t<\/div>\n\t\t\t\t<div class=\"elementor-element elementor-element-4f50e0b elementor-widget elementor-widget-text-editor\" data-id=\"4f50e0b\" data-element_type=\"widget\" data-widget_type=\"text-editor.default\">\n\t\t\t\t<div class=\"elementor-widget-container\">\n\t\t\t\t\t<div class=\"elementor-text-editor elementor-clearfix\"><ul><li>Deski pod\u0142ogowe,<\/li><li>\u0141aty,<\/li><li>Kontr \u0142aty,<\/li><li>Sztachety,<\/li><li>Podbitka,<\/li><li>Boazeria,<\/li><\/ul><\/div>\n\t\t\t\t<\/div>\n\t\t\t\t<\/div>\n\t\t\t\t\t\t<\/div>\n\t\t\t<\/div>\n\t\t<\/div>\n\t\t\t\t<div class=\"elementor-element elementor-element-4c547cc elementor-column elementor-col-33 elementor-inner-column\" data-id=\"4c547cc\" data-element_type=\"column\">\n\t\t\t<div class=\"elementor-column-wrap  elementor-element-populated\">\n\t\t\t\t\t<div class=\"elementor-widget-wrap\">\n\t\t\t\t<div class=\"elementor-element elementor-element-5e6c02b elementor-widget elementor-widget-image\" data-id=\"5e6c02b\" data-element_type=\"widget\" data-widget_type=\"image.default\">\n\t\t\t\t<div class=\"elementor-widget-container\">\n\t\t\t\t\t<div class=\"elementor-image\">\n\t\t\t\t\t\t\t\t\t\t<img loading=\"lazy\" decoding=\"async\" width=\"960\" height=\"640\" src=\"http:\/\/tombed.pl\/wp-content\/uploads\/2018\/03\/wood-877368_960_720.jpg\" class=\"attachment-large size-large\" alt=\"\" srcset=\"http:\/\/tombed.pl\/wp-content\/uploads\/2018\/03\/wood-877368_960_720.jpg 960w, http:\/\/tombed.pl\/wp-content\/uploads\/2018\/03\/wood-877368_960_720-300x200.jpg 300w, http:\/\/tombed.pl\/wp-content\/uploads\/2018\/03\/wood-877368_960_720-768x512.jpg 768w, http:\/\/tombed.pl\/wp-content\/uploads\/2018\/03\/wood-877368_960_720-480x320.jpg 480w, http:\/\/tombed.pl\/wp-content\/uploads\/2018\/03\/wood-877368_960_720-320x213.jpg 320w, http:\/\/tombed.pl\/wp-content\/uploads\/2018\/03\/wood-877368_960_720-240x160.jpg 240w\" sizes=\"auto, (max-width: 960px) 100vw, 960px\" \/>\t\t\t\t\t\t\t\t\t\t\t<\/div>\n\t\t\t\t<\/div>\n\t\t\t\t<\/div>\n\t\t\t\t\t\t<\/div>\n\t\t\t<\/div>\n\t\t<\/div>\n\t\t\t\t<div class=\"elementor-element elementor-element-9b6b531 elementor-column elementor-col-33 elementor-inner-column\" data-id=\"9b6b531\" data-element_type=\"column\">\n\t\t\t<div class=\"elementor-column-wrap  elementor-element-populated\">\n\t\t\t\t\t<div class=\"elementor-widget-wrap\">\n\t\t\t\t<div class=\"elementor-element elementor-element-4d30a11 elementor-widget elementor-widget-heading\" data-id=\"4d30a11\" data-element_type=\"widget\" data-widget_type=\"heading.default\">\n\t\t\t\t<div class=\"elementor-widget-container\">\n\t\t\t<h2 class=\"elementor-heading-title elementor-size-default\">Szybka realizacja<\/h2>\t\t<\/div>\n\t\t\t\t<\/div>\n\t\t\t\t<div class=\"elementor-element elementor-element-ee77f47 elementor-widget elementor-widget-text-editor\" data-id=\"ee77f47\" data-element_type=\"widget\" data-widget_type=\"text-editor.default\">\n\t\t\t\t<div class=\"elementor-widget-container\">\n\t\t\t\t\t<div class=\"elementor-text-editor elementor-clearfix\"><ul><li>Drewno opa\u0142owe,<\/li><li>Drewno kominkowe,<\/li><li>Us\u0142ugi stolarskie,<\/li><\/ul><\/div>\n\t\t\t\t<\/div>\n\t\t\t\t<\/div>\n\t\t\t\t\t\t<\/div>\n\t\t\t<\/div>\n\t\t<\/div>\n\t\t\t\t\t\t<\/div>\n\t\t\t<\/div>\n\t\t<\/section>\n\t\t\t\t<section class=\"elementor-element elementor-element-5d516f1 elementor-section-content-middle elementor-section-boxed elementor-section-height-default elementor-section-height-default elementor-section elementor-inner-section\" data-id=\"5d516f1\" data-element_type=\"section\">\n\t\t\t\t\t\t<div class=\"elementor-container elementor-column-gap-no\">\n\t\t\t\t<div class=\"elementor-row\">\n\t\t\t\t<div class=\"elementor-element elementor-element-9e3729c elementor-column elementor-col-33 elementor-inner-column\" data-id=\"9e3729c\" data-element_type=\"column\">\n\t\t\t<div class=\"elementor-column-wrap  elementor-element-populated\">\n\t\t\t\t\t<div class=\"elementor-widget-wrap\">\n\t\t\t\t<div class=\"elementor-element elementor-element-c58b760 elementor-widget elementor-widget-image\" data-id=\"c58b760\" data-element_type=\"widget\" data-widget_type=\"image.default\">\n\t\t\t\t<div class=\"elementor-widget-container\">\n\t\t\t\t\t<div class=\"elementor-image\">\n\t\t\t\t\t\t\t\t\t\t<img loading=\"lazy\" decoding=\"async\" width=\"259\" height=\"194\" src=\"http:\/\/tombed.pl\/wp-content\/uploads\/2019\/12\/tarcica.jpg\" class=\"attachment-column1-1\/3 size-column1-1\/3\" alt=\"\" srcset=\"http:\/\/tombed.pl\/wp-content\/uploads\/2019\/12\/tarcica.jpg 259w, http:\/\/tombed.pl\/wp-content\/uploads\/2019\/12\/tarcica-240x180.jpg 240w\" sizes=\"auto, (max-width: 259px) 100vw, 259px\" \/>\t\t\t\t\t\t\t\t\t\t\t<\/div>\n\t\t\t\t<\/div>\n\t\t\t\t<\/div>\n\t\t\t\t\t\t<\/div>\n\t\t\t<\/div>\n\t\t<\/div>\n\t\t\t\t<div class=\"elementor-element elementor-element-29680ae elementor-column elementor-col-33 elementor-inner-column\" data-id=\"29680ae\" data-element_type=\"column\">\n\t\t\t<div class=\"elementor-column-wrap  elementor-element-populated\">\n\t\t\t\t\t<div class=\"elementor-widget-wrap\">\n\t\t\t\t<div class=\"elementor-element elementor-element-b9fa46a elementor-widget elementor-widget-heading\" data-id=\"b9fa46a\" data-element_type=\"widget\" data-widget_type=\"heading.default\">\n\t\t\t\t<div class=\"elementor-widget-container\">\n\t\t\t<h2 class=\"elementor-heading-title elementor-size-default\">Nowoczesny park maszynowy<\/h2>\t\t<\/div>\n\t\t\t\t<\/div>\n\t\t\t\t<div class=\"elementor-element elementor-element-8aadb23 elementor-widget elementor-widget-text-editor\" data-id=\"8aadb23\" data-element_type=\"widget\" data-widget_type=\"text-editor.default\">\n\t\t\t\t<div class=\"elementor-widget-container\">\n\t\t\t\t\t<div class=\"elementor-text-editor elementor-clearfix\"><ul><li><span style=\"font-size: 15px;\">Tarcica,<\/span><\/li><li>Kant\u00f3wka,<\/li><li>Wi\u0119\u017aby, deski,<\/li><li>Deski pryzmowane,<\/li><li>Deski szalunkowe,<\/li><\/ul><\/div>\n\t\t\t\t<\/div>\n\t\t\t\t<\/div>\n\t\t\t\t\t\t<\/div>\n\t\t\t<\/div>\n\t\t<\/div>\n\t\t\t\t<div class=\"elementor-element elementor-element-6b1964b elementor-column elementor-col-33 elementor-inner-column\" data-id=\"6b1964b\" data-element_type=\"column\">\n\t\t\t<div class=\"elementor-column-wrap  elementor-element-populated\">\n\t\t\t\t\t<div class=\"elementor-widget-wrap\">\n\t\t\t\t<div class=\"elementor-element elementor-element-dbec247 elementor-widget elementor-widget-image\" data-id=\"dbec247\" data-element_type=\"widget\" data-widget_type=\"image.default\">\n\t\t\t\t<div class=\"elementor-widget-container\">\n\t\t\t\t\t<div class=\"elementor-image\">\n\t\t\t\t\t\t\t\t\t\t<img loading=\"lazy\" decoding=\"async\" width=\"1024\" height=\"757\" src=\"http:\/\/tombed.pl\/wp-content\/uploads\/2018\/03\/maszyna2-1024x757.jpg\" class=\"attachment-large size-large\" alt=\"\" srcset=\"http:\/\/tombed.pl\/wp-content\/uploads\/2018\/03\/maszyna2-1024x757.jpg 1024w, http:\/\/tombed.pl\/wp-content\/uploads\/2018\/03\/maszyna2-300x222.jpg 300w, http:\/\/tombed.pl\/wp-content\/uploads\/2018\/03\/maszyna2-768x568.jpg 768w, http:\/\/tombed.pl\/wp-content\/uploads\/2018\/03\/maszyna2.jpg 1200w\" sizes=\"auto, (max-width: 1024px) 100vw, 1024px\" \/>\t\t\t\t\t\t\t\t\t\t\t<\/div>\n\t\t\t\t<\/div>\n\t\t\t\t<\/div>\n\t\t\t\t\t\t<\/div>\n\t\t\t<\/div>\n\t\t<\/div>\n\t\t\t\t\t\t<\/div>\n\t\t\t<\/div>\n\t\t<\/section>\n\t\t\t\t\t\t<\/div>\n\t\t\t<\/div>\n\t\t<\/div>\n\t\t\t\t\t\t<\/div>\n\t\t\t<\/div>\n\t\t<\/section>\n\t\t\t\t<section class=\"elementor-element elementor-element-542edc7 elementor-section-boxed elementor-section-height-default elementor-section-height-default elementor-section elementor-top-section\" data-id=\"542edc7\" data-element_type=\"section\">\n\t\t\t\t\t\t<div class=\"elementor-container elementor-column-gap-default\">\n\t\t\t\t<div class=\"elementor-row\">\n\t\t\t\t<div class=\"elementor-element elementor-element-1b3a9a4 elementor-column elementor-col-100 elementor-top-column\" data-id=\"1b3a9a4\" data-element_type=\"column\">\n\t\t\t<div class=\"elementor-column-wrap  elementor-element-populated\">\n\t\t\t\t\t<div class=\"elementor-widget-wrap\">\n\t\t\t\t<div class=\"elementor-element elementor-element-b1ae9ff elementor-widget elementor-widget-counter\" data-id=\"b1ae9ff\" data-element_type=\"widget\" data-widget_type=\"counter.default\">\n\t\t\t\t<div class=\"elementor-widget-container\">\n\t\t\t\t\t<div class=\"elementor-counter\">\n\t\t\t<div class=\"elementor-counter-number-wrapper\">\n\t\t\t\t<span class=\"elementor-counter-number-prefix\"><\/span>\n\t\t\t\t<span class=\"elementor-counter-number\" data-duration=\"2000\" data-to-value=\"100\" data-from-value=\"0\" data-delimiter=\",\">0<\/span>\n\t\t\t\t<span class=\"elementor-counter-number-suffix\">%<\/span>\n\t\t\t<\/div>\n\t\t\t\t\t\t\t<div class=\"elementor-counter-title\">ZADOWOLONYCH KLIENT\u00d3W<\/div>\n\t\t\t\t\t<\/div>\n\t\t\t\t<\/div>\n\t\t\t\t<\/div>\n\t\t\t\t\t\t<\/div>\n\t\t\t<\/div>\n\t\t<\/div>\n\t\t\t\t\t\t<\/div>\n\t\t\t<\/div>\n\t\t<\/section>\n\t\t\t\t\t\t<\/div>\n\t\t\t<\/div>\n\t\t<\/div>\n\t\t","protected":false},"excerpt":{"rendered":"<p>W sk\u0142ad naszej oferty wchodz\u0105: Domy z bali Bale toczone Kolumny toczone Realizacja nietypowych zam\u00f3wie\u0144, Wykonywanie zam\u00f3wie\u0144 \u201eszytych na miar\u0119\u201d pod klienta. Deski pryzmowane, Deski szalunkowe, Najlepsza jako\u015b\u0107 Deski pod\u0142ogowe, \u0141aty, Kontr \u0142aty, Sztachety, Podbitka, Boazeria, Szybka realizacja Drewno opa\u0142owe, Drewno kominkowe, Us\u0142ugi stolarskie, Nowoczesny park maszynowy Tarcica, Kant\u00f3wka, Wi\u0119\u017aby, deski, Deski pryzmowane, Deski szalunkowe,<\/p>\n<p><a href=\"http:\/\/tombed.pl\/?page_id=25\" class=\"more-link themebutton\">Read More<\/a><\/p>\n","protected":false},"author":1,"featured_media":459,"parent":0,"menu_order":0,"comment_status":"closed","ping_status":"closed","template":"","meta":{"footnotes":""},"class_list":["post-25","page","type-page","status-publish","has-post-thumbnail","hentry"],"_links":{"self":[{"href":"http:\/\/tombed.pl\/index.php?rest_route=\/wp\/v2\/pages\/25","targetHints":{"allow":["GET"]}}],"collection":[{"href":"http:\/\/tombed.pl\/index.php?rest_route=\/wp\/v2\/pages"}],"about":[{"href":"http:\/\/tombed.pl\/index.php?rest_route=\/wp\/v2\/types\/page"}],"author":[{"embeddable":true,"href":"http:\/\/tombed.pl\/index.php?rest_route=\/wp\/v2\/users\/1"}],"replies":[{"embeddable":true,"href":"http:\/\/tombed.pl\/index.php?rest_route=%2Fwp%2Fv2%2Fcomments&post=25"}],"version-history":[{"count":20,"href":"http:\/\/tombed.pl\/index.php?rest_route=\/wp\/v2\/pages\/25\/revisions"}],"predecessor-version":[{"id":674,"href":"http:\/\/tombed.pl\/index.php?rest_route=\/wp\/v2\/pages\/25\/revisions\/674"}],"wp:featuredmedia":[{"embeddable":true,"href":"http:\/\/tombed.pl\/index.php?rest_route=\/wp\/v2\/media\/459"}],"wp:attachment":[{"href":"http:\/\/tombed.pl\/index.php?rest_route=%2Fwp%2Fv2%2Fmedia&parent=25"}],"curies":[{"name":"wp","href":"https:\/\/api.w.org\/{rel}","templated":true}]}}